
536
In base 5, what is -23103 + -30?
-23133
In base 7, what is -11033553 - 1?
-11033554
In base 14, what is -199d + -d?
-19ac
In base 15, what is 5e638 - -1?
5e639
In base 10, what is 3 + 7719?
7722
In base 16, what is -18 + -1d0?
-1e8
In base 2, what is -100 - 11000101111001?
-11000101111101
In base 15, what is -3 - 1a0e?
-1a12
In base 16, what is b7 - 3ca?
-313
In base 13, what is 6 - -84aa?
84b3
In base 12, what is -a - -45122?
45114
In base 15, what is 67 + e43?
eaa
In base 4, what is -13 + -123013101?
-123013120
In base 5, what is -1141 + 1444?
303
In base 10, what is -69826 - -4?
-69822
In base 4, what is 3 + 1332220?
1332223
In base 11, what is -2492 + -3?
-2495
In base 15, what is 6428 + -77?
63a1
In base 16, what is 409 - -96?
49f
In base 8, what is -301255 - -4?
-301251
In base 11, what is -23 + -606?
-629
In base 8, what is 1257 + -641?
416
In base 15, what is -53e + -107?
-646
In base 2, what is 11111110110001 - -11101?
11111111001110
In base 8, what is -5441 + 1001?
-4440
In base 12, what is 213 - 998?
-785
In base 14, what is -2000bc + -1?
-2000bd
In base 7, what is 3 + 112622?
112625
In base 6, what is 120241 + 1001?
121242
In base 15, what is 15088b7 + -3?
15088b4
In base 12, what is a006a + -5?
a0065
In base 14, what is -3 - 8a?
-8d
In base 14, what is 3c07 - -3a?
3c43
In base 14, what is -15c7 + -b?
-15d4
In base 10, what is 59 - -5574?
5633
In base 16, what is -2d642 - -5?
-2d63d
In base 3, what is 1200201200 + -10?
1200201120
In base 10, what is -97130 + 4?
-97126
In base 6, what is -12 + 21304?
21252
In base 7, what is 2030 - 450?
1250
In base 5, what is -4 - 333201?
-333210
In base 2, what is -100010000010001010 + 11?
-100010000010000111
In base 6, what is 4 - 445103?
-445055
In base 12, what is -900819 + -5?
-900822
In base 4, what is 1003332120 + -21?
1003332033
In base 4, what is 10230303131 + 0?
10230303131
In base 6, what is -15 + 435000?
434541
In base 14, what is -1a04 + 9?
-19d9
In base 10, what is 25 + 8534?
8559
In base 14, what is bdb - -8?
c05
In base 4, what is 11 + -31102?
-31031
In base 14, what is -31 + 16352?
16321
In base 7, what is -1013 + -5564?
-6610
In base 12, what is 38374 - -4?
38378
In base 3, what is 1121122221 - -1?
1121122222
In base 3, what is -1011100 + -10011111?
-11022211
In base 13, what is -1875 + 192?
-16b3
In base 10, what is -5 + -368588?
-368593
In base 9, what is -2 - 57512?
-57514
In base 13, what is 23 - -338?
35b
In base 11, what is -14 - a5849?
-a5862
In base 2, what is 1010001101 + 1010100?
1011100001
In base 3, what is 102 - -10000210?
10001012
In base 12, what is -36427 + -4?
-3642b
In base 4, what is -101 + 112021?
111320
In base 8, what is 2125603 + 2?
2125605
In base 13, what is -272 + 19c?
-a3
In base 4, what is -321 - 23113012?
-23113333
In base 3, what is 21001112220 - 11?
21001112202
In base 2, what is -1000010100101111001 + 11?
-1000010100101110110
In base 11, what is -9 - 108a?
-1098
In base 4, what is 20223122 + -200?
20222322
In base 4, what is -1111133 + 2233?
-1102300
In base 13, what is 15 - 674?
-65c
In base 2, what is -100010100001000 - 11?
-100010100001011
In base 5, what is -31 - -1220?
1134
In base 16, what is -4e02 + 59?
-4da9
In base 9, what is 8464 - 345?
8118
In base 5, what is -102024 - 3?
-102032
In base 8, what is 4 - -26666?
26672
In base 7, what is 3250054 + 4?
3250061
In base 10, what is -82 + 206?
124
In base 12, what is 9 + a18?
a25
In base 13, what is 12 + 2b6?
2c8
In base 12, what is 3433 - -131?
3564
In base 10, what is 5 + -132644?
-132639
In base 8, what is 5204 - -334?
5540
In base 15, what is db + -8a?
51
In base 12, what is 1925 + 19?
1942
In base 16, what is 43e + -37a?
c4
In base 15, what is ad26 - 2?
ad24
In base 10, what is 241062 + 1?
241063
In base 11, what is -24150 - -4?
-24147
In base 15, what is -54bd - -a?
-54b3
In base 15, what is 57 - 1a73?
-1a1b
In base 7, what is 13340325 + 4?
13340332
In base 14, what is -3307 + -d?
-3316
In base 15, what is 40d + d12?
1220
In base 13, what is 9c - -277?
346
In base 7, what is -513626 + -4?
-513633
In base 9, what is 0 - -185614?
185614
In base 12, what is -2566 - 2?
-2568
In base 15, what is -8238 - -2?
-8236
In base 8, what is -12017 - 6?
-12025
In base 2, what is -1110001001000100 - -10?
-1110001001000010
In base 2, what is 1011111000001001 + -11?
1011111000000110
In base 5, what is 2413 - -1302?
4220
In base 2, what is 11100001 + -10001000011110?
-10000100111101
In base 13, what is 25213 + 9?
2521c
In base 7, what is -2023365 - 0?
-2023365
In base 14, what is -46c62 - 3?
-46c65
In base 8, what is 1 + 6463155?
6463156
In base 16, what is 3 + ce5d4?
ce5d7
In base 8, what is 5 - 44200?
-44173
In base 8, what is 423511 + -2?
423507
In base 4, what is -11 - -1101?
1030
In base 15, what is -47 - -414?
3bc
In base 11, what is -308a8 - -18?
-30890
In base 12, what is 1a5 - -986?
b6b
In base 12, what is -a0 - 19?
-b9
In base 7, what is -3521 + 222?
-3266
In base 10, what is 4 - -199214?
199218
In base 10, what is -2098 - -653?
-1445
In base 2, what is 11 + -11001101011011?
-11001101011000
In base 5, what is 2 + 34424?
34431
In base 7, what is 0 + -51346?
-51346
In base 3, what is 22012011211 + -11?
22012011200
In base 9, what is -4 + -1023406?
-1023411
In base 9, what is -355380 - 14?
-355404
In base 10, what is -249 - 41?
-290
In base 11, what is -171 + 51a?
359
In base 10, what is -181 - 161?
-342
In base 5, what is -304024 + -1341?
-310420
In base 6, what is 34 - -5014?
5052
In base 3, what is 1 - -2102122122100?
2102122122101
In base 11, what is 6225 - 18?
6208
In base 4, what is -11120 - 1221?
-13001
In base 16, what is -18 - c2b?
-c43
In base 12, what is -53437 - 2?
-53439
In base 6, what is -432413 + -5?
-432422
In base 16, what is a - 1e8e?
-1e84
In base 10, what is -90794 - 0?
-90794
In base 15, what is cd9 - -10?
ce9
In base 3, what is 2102220 + 110?
2110100
In base 5, what is 0 - -1110014?
1110014
In base 6, what is 1 - 10214114?
-10214113
In base 12, what is 62b + -a?
621
In base 8, what is 267 - 37256?
-36767
In base 8, what is 2751240 - -1?
2751241
In base 15, what is 86 + -5241?
-51aa
In base 2, what is -1011 + -10111110110001?
-10111110111100
In base 3, what is -111220000 + 10?
-111212220
In base 14, what is -68601 - -6?
-685d9
In base 7, what is -200 - -611?
411
In base 5, what is -102424310 - -2?
-102424303
In base 3, what is 111011 - 2020202?
-1202121
In base 7, what is 2140362 - 6?
2140353
In base 14, what is -1 - -10995?
10994
In base 6, what is -4015020 + 2?
-4015014
In base 9, what is 0 + 6628?
6628
In base 12, what is 744 - -8?
750
In base 16, what is 12447 - -a?
12451
In base 8, what is 1120 + 123?
1243
In base 14, what is d6bd - 7a?
d643
In base 15, what is -234 + 51?
-1d3
In base 13, what is 50 - -13c8?
1448
In base 6, what is -101 + -3125?
-3230
In base 8, what is 3 - -4021?
4024
In base 7, what is 4400352 + -4?
4400345
In base 7, what is -21 - 13226?
-13250
In base 6, what is 12312 + -2434?
5434
In base 6, what is 4 - -332300?
332304
In base 16, what is 5c - c00c?
-bfb0
In base 8, what is -3 - -20660?
20655
In base 9, what is 300120 + 4?
300124
In base 12, what is -18 + -381?
-399
In base 11, what is 918 + -30?
898
In base 11, what is 159a + 2a1?
1890
In base 13, what is -5 - -1115?
1110
In base 13, what is -395423 + -3?
-395426
In base 4, what is 2200 - 12101?
-3301
In base 9, what is -763 + -240?
-1113
In base 5, what is -20 + 33341343?
33341323
In base 8, what is 372 + 56276?
56670
In base 13, what is 79 - -1502?
157b
In base 16, what is -6105b - 5?
-61060
In base 13, what is 38 + -2051?
-2016
In base 7, what is 500 - -3056?
3556
In base 16, what is 3 - b86e?
-b86b
In base 10, what is -41 - 1104?
-1145
In base 3, what is 1112 - 2100100?
-2021211
In base 12, what is -3064 + a?
-3056
In base 9, what is -108642 + 2?
-108640
In base 15, what is 2b04 + -2d?
2ac6
In base 6, what is 444 + 3101?
3545
In base 11, what is -78 - -266?
199
In base 3, what is -101 + 10212112222?
10212112121
In base 16, what is 6b9 - -4?
6bd
In base 6, what is 15 + -34152?
-34133
In base 11, what is 5112 - -1?
5113
In base 13, what is 99103 + 4?
99107
In base 8, what is -475 - -146?
-327
In base 5, what is -12434410 - 2?
-12434412
In base 13, what is bb729 - -4?
bb730
In base 10, what i